 -3*f, -5*f + 203 = -f + 5*r. What are the prime factors of f?
47
Suppose 3*c - 4*s + 0*s - 1678 = 0, 2*c - 5*s - 1128 = 0. What are the prime factors of c?
2, 277
Let c = 21 + 755. List the prime factors of c.
2, 97
Suppose -31*c = -34*c + 1185. What are the prime factors of c?
5, 79
Let t(l) = l**3 + 6*l**2 - 8*l - 2. Let g be t(-7). Suppose 5*k + 49 = 3*o + 4*k, -g*o - k = -71. Let c = o - -5. What are the prime factors of c?
2, 5
Suppose -5*i - 171 - 229 = 0. Let d = 109 + i. List the prime factors of d.
29
Let m be (-4)/10*(4 - -6)/1. List the prime factors of 7695/108 - (-1)/m.
71
Suppose 0 = 2*f - 7*f - 6*f. Let n(y) = y**2 - y + 72. What are the prime factors of n(f)?
2, 3
Let d = 427 + -244. What are the prime factors of d?
3, 61
Let n(a) = -2. Let l(x) = 11*x + 14. Let b(p) = -l(p) - 2*n(p). Let y be 0 + 1*3*-1. What are the prime factors of b(y)?
23
Let p(b) = b + 3. Let r be p(-11). Let c(j) = -18*j - 7. List the prime factors of c(r).
137
Let p(r) be the second derivative of 0 + 1/6*r**3 - 7*r + 1/12*r**4 + 16*r**2. What are the prime factors of p(0)?
2
Let v = 0 + 2. Let m be 2/4 + 159/v. Let z = -55 + m. What are the prime factors of z?
5
Let x(q) = -25 - 12 - 7*q - 5 + 8. List the prime factors of x(-22).
2, 3, 5
Let q = -871 - -1767. What are the prime factors of q?
2, 7
Suppose 0 = -3*b + 4*n + 1214, -b + 4*n + 418 = -0*b. List the prime factors of b.
2, 199
Let b = -98 + 689. What are the prime factors of b?
3, 197
Let s be 37 - (-1 + 0 + 2). Let k = s - 16. Suppose -4*d + 36 = -k. List the prime factors of d.
2, 7
Suppose -4*n - 2*i + 104 = 0, -6*i = -3*n - i + 78. Let p = 17 + n. What are the prime factors of p?
43
Let s = -527 + 1051. Suppose -5*p - 4*i = -s, 3*p - 215 = -5*i + 89. Suppose -6*c + p = -2*c. What are the prime factors of c?
3
Let y(r) = 5*r**2 - 40*r + 3. Let z be y(8). List the prime factors of (1/z*-46)/(8/(-12)).
23
Let n = 91 - 292. Let d = 359 + n. List the prime factors of d.
2, 79
Let c(v) = -5 + 1 + 6*v + 191*v**2 - 195*v**2 + v**3. List the prime factors of c(4).
2, 5
Suppose -3*j - 15 = 0, -z = 2*z + j - 4. Let d(y) = 14*y**2 - 6*y + 7. What are the prime factors of d(z)?
5, 23
Let d be -1 + -8 + 4 + -23. List the prime factors of -94*(-4 + d/(-8)).
47
Let g = 47 - 44. What are the prime factors of (2 + g/3)/(2/54)?
3
Let f = 588 - 260. Suppose -3*q + 2*q = o - 322, q - f = 2*o. List the prime factors of q.
2, 3
Let s be (0 + (-8 - -2))*-2. Suppose -87*a + 67*a = 0. Let w = s - a. List the prime factors of w.
2, 3
Let k(d) = d**3 - 4*d**2 - 6*d + 9. Let u(l) = l**3 - 8*l**2 + 9*l - 9. Let g be u(7). List the prime factors of k(g).
2
Let q(r) = -2*r**2 - 35*r - 17. Let u be q(-17). Suppose -3*w + 2*v + 351 = u, 4*v - 218 = -2*w - 0*v. What are the prime factors of w?
5, 23
Let d = -13 + 18. Suppose 0*c - d*c = 0. Suppose c = 5*j - 115 - 0. What are the prime factors of j?
23
Suppose 0*h = 6*h. Suppose -2 = -h*g - g + 3*k, g - 1 = 4*k. Let t = g - -28. List the prime factors of t.
3, 11
Let x = -86 + 565. List the prime factors of x.
479
Let s = 374 - 241. What are the prime factors of s?
7, 19
What are the prime factors of (-28)/(-140) - (-11097)/15?
2, 5, 37
Let d be (-10)/(-3)*6/(-5). Let k be (-1 - d) + 4/4. Let i = 3 + k. What are the prime factors of i?
7
Suppose 0 = -11*l + 250 + 1587. List the prime factors of l.
167
Suppose 0 = 2*s + 4*d - 44, -3*s - 2*s + 65 = d. List the prime factors of s/(1/2 + (-24)/84).
2, 7
Let g(y) = 5*y - 3. Let j be g(-6). List the prime factors of 87*(j/(-9) + -3).
2, 29
Suppose 4*o - 39 = -4*m + m, -4*o + 42 = 2*m. Suppose -d = -2*d + 3. Suppose d*g - o = 27. What are the prime factors of g?
13
Let v(w) = -122*w + 3. Let n(g) = 41*g - 1. Let k(t) = -7*n(t) - 2*v(t). Let o be k(-1). What are the prime factors of o + (0 - (-12)/(-3))?
2, 5
Let h(u) = -u**2 + 16*u - 4. Let w be h(16). List the prime factors of (670/w)/5*-2.
67
Let f = 43 - 128. Let r = 1 - f. What are the prime factors of r?
2, 43
Let l = -8 - -4. Let m(f) = 6*f**3 + 12*f**2 + 14*f + 3. Let g(t) = t**3 + 2*t**2 + 2*t. Let k(j) = 5*g(j) - m(j). List the prime factors of k(l).
3, 5
Let y(j) = -7*j - 63. List the prime factors of y(-14).
5, 7
Suppose 8*o = 2*o - 312. List the prime factors of (o/65)/(2/(-55)).
2, 11
Let a = 1497 - 855. What are the prime factors of a?
2, 3, 107
List the prime factors of (-1 + 15)*(-196)/(-8).
7
Let d = -132 - -38. Let k = 131 + d. List the prime factors of k.
37
Let p(u) = 3*u**2 - 3*u + 2. Let y be p(2). Let i(v) = 11*v - 25. List the prime factors of i(y).
3, 7
Suppose 2 = 4*x - n + 7, -4*x - 3 = n. Let b be (-2 + x)/((-12)/8). Suppose -2*c + 62 = -b. List the prime factors of c.
2
Let o = -1494 - -2162. Suppose -14*j = -o - 354. What are the prime factors of j?
73
List the prime factors of 8 + (-55)/5 - -625.
2, 311
Suppose 0*h - 5*h - 25 = -2*m, h - 3*m + 18 = 0. Let s be (-81)/h - (1 - 1). List the prime factors of (9 + 0)/(9/s).
3
Let r = 148 + -283. Let v = -32 - r. List the prime factors of v.
103
What are the prime factors of 7 + -6 - 7192/(-1 + -7)?
2, 3, 5
Let l(g) be the second derivative of -g**5/20 - 7*g**4/12 - 5*g**2 - g. Let v be l(-7). Let d(m) = m**2 + 9*m - 5. What are the prime factors of d(v)?
5
Suppose -w - 14*b = -18*b - 719, -w + 717 = -2*b. List the prime factors of w.
5, 11, 13
List the prime factors of 114851/212 + (-3)/4.
541
Let d be 2/(10/2*(-2)/15). Let o(z) = 6*z**2 + 2*z - 1. List the prime factors of o(d).
47
Let k(x) = 28*x**2 - 14*x + 23. List the prime factors of k(7).
1297
List the prime factors of -1 + 3654/8 + 3/12.
2, 3, 19
Suppose -2*j - 23 = -3*b + 722, 0 = b + 3*j - 263. List the prime factors of b.
251
Let i = 22 - 24. Let w = 22 - i. List the prime factors of w.
2, 3
Let d be 3 + -6*2/2. Let j be 8/(d*2/(-12)). Suppose 100 = -11*p + j*p. List the prime factors of p.
2, 5
What are the prime factors of 100240/65 + -4 - (-22)/(-143)?
2, 769
Let p be (-6*(-2)/16)/((-3)/36). List the prime factors of 94/2 - (-11 - p).
7
Let n(x) = x**2 + 28*x + 92. What are the prime factors of n(-34)?
2, 37
Suppose 3*r + 4*w - 2 = 2, 0 = -2*r - 2*w + 4. Suppose -o + k = -k - 12, -3*o = 3*k - 18. Let y = o - r. What are the prime factors of y?
2
What are the prime factors of (-2 + -1)/((-5)/2495)?
3, 499
Let z(m) = 5*m - 1. Let w(h) = -h**3 + 8*h**2 - 6*h + 2. Let a be w(7). Suppose -3*d + a = 3. What are the prime factors of z(d)?
3
Let k be 9*4/6 + (-5)/5. Suppose o + 145 = k*l, -55 = -2*l + 3*o + 16. What are the prime factors of l?
2, 7
Suppose 0 = -17*t + t + 60704. What are the prime factors of t?
2, 7, 271
Let x = -61 - -65. Let m(u) = 24*u + 12. What are the prime factors of m(x)?
2, 3
Let k = -8 - -13. Suppose 47*m - 41*m = 18. Suppose s = k*x - 55, -x - m*s = -4*x + 33. What are the prime factors of x?
11
Suppose -152*d + 168*d - 12656 = 0. List the prime factors of d.
7, 113
Let p(h) = 47*h**2 + h. Let w be (-1 + 1/(-2))*-2. Suppose 0 = w*u + 3*q + 3, 8 = -3*q + 2. List the prime factors of p(u).
2, 3
Let o be ((-13)/4)/((-2)/(-8)). Let d = o + 6. List the prime factors of (d - -3 - -2) + 76.
2, 37
Suppose -r - 32*l + 34*l + 1488 = 0, 4*r = 5*l + 5952. What are the prime factors of r?
2, 3, 31
Let b(f) be the second derivative of f**6/180 + f**5/60 + f**4/12 + 2*f**3/3 + 4*f. Let z(a) be the second derivative of b(a). List the prime factors of z(-3).
2, 7
Suppose -29064 = -36*u + 15*u. List the prime factors of u.
2, 173
What are the prime factors of (-12277)/(-8) + 6/16?
5, 307
Let n(m) = -3 - 2*m + 5*m + 0 + 6*m**3. List the prime factors of n(1).
2, 3
Suppose -2*c + 4*q + 136 = 0, 6*c - 278 = 2*c + 5*q. List the prime factors of c + (-2)/(8/(-6) - -2).
3, 23
Let z = -560 - -945. What are the prime factors of z?
5, 7, 11
Let i(q) = -6*q - 3. Let w be i(-1). Let u(a) = 8*a - 1 - 20*a + w*a**3 + 8*a. What are the prime factors of u(3)?
2, 17
Let m(s) = s**3 + 6*s**2 + 5*s + 4. Let t be m(-5). Suppose -113 = -g + 3*o, -t*g - 2*o = -0*g - 382. What are the prime factors of g?
2, 7
Let t(w) = 31*w - 93. Let h be t(3). Let d be 2/3 + 22/(-6). List the prime factors of (d + h)*42/(-9).
2, 7
Suppose 12*m = -2176 + 16384. List the prime factors of m.
2, 37
Suppose -n = f, -f + 4*n = -4*f - 3. Suppose 0 = -8*m + f*m + 115. List the pri